 = -7*j. Calculate the highest common divisor of 2 and j.
2
Let g be ((-1)/(-2))/(5/4*(-66)/(-4601190)). Calculate the highest common divisor of g and 146.
146
Let t(x) = -x**2 - 11*x + 56. Let g be -11 + (-9 - -7) - 1. Let n be t(g). What is the greatest common divisor of 98 and n?
14
Suppose -76*i + 173964 = 57*i. What is the greatest common divisor of i and 36?
12
Suppose -4*n + 4*y = -232, -703*n = -705*n - y + 116. Suppose 0*b - 2*w = 4*b - 112, 4*b - 5*w = 126. Calculate the highest common divisor of n and b.
29
Suppose -95*q + 3*q = 68*q - 165760. Calculate the greatest common divisor of 28 and q.
28
Let h = -85 + 89. Let r be (h + 0)*(105/28 - 0). Calculate the greatest common factor of 35 and r.
5
Suppose 39*h - 34*h = 2025. Let a = 2481 - 2466. Calculate the greatest common factor of a and h.
15
Suppose -229 = -2*y - 0*j - j, -2*y + 224 = 2*j. Suppose -12*a + 18 = 6*a. Let n be 17/((-34)/(-156))*a. What is the greatest common divisor of n and y?
39
Let g(v) = -231*v**3 + 9*v + 113*v**3 + 16*v + 117*v**3 + 22*v**2 - 33. Let s be g(23). What is the highest common divisor of s and 2?
1
Let j = 925 + -425. Suppose 3*h - 128 = -t + h, -4*t = 5*h - j. What is the greatest common divisor of t and 150?
30
Suppose -6*p + r + 19 = -5*p, -2*r - 104 = -5*p. Calculate the highest common factor of p and 1375.
11
Suppose 0 = z - 0*z - 154. Suppose -2897 + 2942 = 5*f. Let i be (-264)/(-42)*(4 - f/(-3)). Calculate the highest common factor of z and i.
22
Let r be (12/10)/(24/80). Suppose -r*i - 3*v = -150, -53*v = -52*v + 2. What is the highest common divisor of i and 286?
13
Let p be (-4)/6 - 44/(-3). Suppose p = w - 52. Let t(h) = h**3 + 67*h**2 - 143*h - 180. Let k be t(-69). What is the highest common factor of w and k?
33
Let i be (-7685)/(-261) + 4/(-9). Suppose -3*g = -i - 4. Calculate the greatest common divisor of 979 and g.
11
Let b(t) = t**3 + 4*t**2 - 3*t. Let x be b(-5). Let i be -121 - (8/x)/(24/(-60)). Let s = 132 + i. Calculate the highest common divisor of s and 171.
9
Suppose -17*m + 46 - 97 = -119. Calculate the greatest common divisor of m and 109.
1
Suppose 2*h + x - 7 = -2, -h + x + 4 = 0. Suppose h*q = 91 + 29. Let j be 1/((-14)/(-230)) - -4*84/(-784). Calculate the greatest common divisor of q and j.
8
Let i = -3817 - -4432. Calculate the greatest common divisor of i and 165.
15
Let s be 4/(-22) - (-46)/11. Suppose -24 = -s*v + 4. Suppose 0 = 52*c - 1362 - 1914. What is the greatest common divisor of c and v?
7
Let f = 196 - -100. Suppose -f = -4*i + 4*o, 2*i - 64 - 83 = 3*o. Calculate the highest common divisor of i and 175.
25
Let r(l) = 8*l**2 + 28*l - 76. Let s be r(3). Calculate the greatest common divisor of s and 2360.
40
Suppose 9*p - 6*p - 18 = -a, -2*p + 6 = 0. Suppose -2 = x, n + x - 277 = -0*n. What is the greatest common divisor of n and a?
9
Let w = -55 + 131. Suppose 3*r = t + w, r + 0*r - 2*t - 32 = 0. Let z = 4570 - 4564. What is the highest common divisor of z and r?
6
Let m(p) = 2*p**3 - 7*p**2 - 2*p + 27. Let v = -33 + 37. Let q be m(v). Calculate the highest common factor of q and 20.
5
Let n be -1089*(-3 - 16/(-6)). Suppose 3*j - 268 = 2*m, 12*j - 16*j - 3*m = -n. Calculate the highest common divisor of j and 135.
45
Let i(f) = 8*f**2 + 11*f + 9. Let a(u) = -7*u**2 - 10*u - 9. Let t(y) = -6*a(y) - 5*i(y). Let k be t(5). What is the greatest common factor of k and 56?
28
Let t be (6 + 440/(-70))*-336. Calculate the highest common divisor of 276 and t.
12
Let y(l) = -4*l**2 + 41*l + 7. Let x be y(5). Suppose 58 = -3*f - 2*m + x, -26 = -f + 2*m. Calculate the highest common divisor of f and 35.
5
Let s(r) = 171*r**2 - 41*r + 67. Let i be s(10). Calculate the greatest common factor of i and 26.
13
Suppose 103 = 4*d - 2449. Suppose -4219*b + 4224*b - 290 = 0. What is the greatest common factor of b and d?
58
Let d be (9535 - -26)*(-1)/(-6) + 6/4. Calculate the greatest common factor of d and 165.
55
Let w = -798 - -1126. Suppose 4*l + 5*a - 252 = w, -l + a + 154 = 0. Calculate the highest common factor of l and 100.
50
Suppose -45*n + 94*n + 39 - 12142 = 0. What is the highest common factor of n and 1469?
13
Let u = -903 + 1739. Let t(f) = -1957*f - 5833. Let v be t(-3). What is the greatest common divisor of v and u?
38
Suppose -153938*u + 153910*u = -1036. Let g be 1*(-4 - -2 - -76). Calculate the greatest common divisor of g and u.
37
Let r(t) = -566*t + 164. Let n be r(-2). What is the greatest common divisor of n and 96?
48
Let g = 2254 - 1344. Suppose -125*s + 115*s = -g. Suppose -29 = -4*c - 1. Calculate the highest common factor of s and c.
7
Suppose -64*v = -71*v + 2632. Let g = 747 - v. Calculate the greatest common factor of 159 and g.
53
Suppose h + u - 9110 = 0, 17458 + 18954 = 4*h - 3*u. What is the greatest common divisor of h and 116?
58
Let r(z) = -z**2 - 5*z - 3. Suppose -4*x - 25 + 1 = 0. Let w be r(x). Let n be (3/w)/(1/(-51)). Calculate the greatest common divisor of 136 and n.
17
Let w(p) be the first derivative of 9*p + 0*p**2 + 1/3*p**3 - 19. Let x be w(-9). What is the greatest common factor of x and 30?
30
Let n be (-480)/4*(4 - (-256)/(-40)). Let p be (15/(-9))/(-1)*3. Suppose 122 + 38 = p*g. Calculate the highest common divisor of g and n.
32
Suppose -3*m - 5*s = 34, 0*s + 62 = -3*m + 2*s. Let n = -37 - m. Let k = 49 + n. What is the greatest common factor of k and 10?
10
Let n be ((-1968)/30)/(-8)*-5 - 2. Suppose 2*p = p + 49. Let w = n + p. What is the highest common factor of w and 12?
6
Let s = 91 - 83. Suppose -f + 0*f + 2*j - 6 = 0, 2*f - 2*j + s = 0. Let i be 64/12*(-3)/f. What is the greatest common divisor of i and 24?
8
Suppose -7*n = -17 + 3. Let z be (10/(-35)*-7)/(n/65). What is the highest common factor of 13 and z?
13
Let i = -654 - -654. Suppose 4*m - 50 = -5*y, i = -4*y + 4*m - 3*m + 40. What is the greatest common divisor of y and 230?
10
Let m(f) = f**3 + 9*f**2 + 6*f - 3. Let l be m(-7). Let c be 528/10 - (-5)/25. Calculate the greatest common factor of l and c.
53
Suppose o + 5*h - 104 = 0, -1709*o + 2*h = -1705*o - 328. Calculate the greatest common divisor of o and 3836.
28
Suppose -2*j - 45 = -5*j + 5*u, 5*j + 2*u - 168 = 0. Calculate the highest common divisor of j and 860.
10
Suppose 3*k = -r + 748, 5*k + 3*r - 7*r = 1224. What is the highest common factor of 6 and k?
2
Let a be -20*(60/32)/5*20. Let n be ((-270)/a)/((-1)/(-15)). Calculate the greatest common divisor of 54 and n.
27
Let b(h) = -h**2 - h - 2. Suppose 3*j = -3*x + 3, 3*x + j + 5 = -x. Let g be b(x). Let q be 15 + -2*(g - -2). Calculate the greatest common divisor of q and 57.
19
Let y = 72 - 66. Suppose 64 = y*n - 2*n. What is the greatest common factor of 96 and n?
16
Let k(n) = -2*n + 10. Let s be k(5). Let p be 1/8 + (-20589)/(-24). Suppose s = 2*r + 242 - p. What is the greatest common factor of 28 and r?
28
Suppose -23*b + 27*b = 40. Suppose 5*u + 2*g + b = 30, 5*u - 30 = -4*g. What is the highest common factor of u and 64?
2
Let d(v) = -3*v**3 + 121*v**2 - 34*v - 96. Let r be d(40). Calculate the greatest common factor of r and 1056.
48
Let i = -11847 + 12000. Calculate the greatest common factor of i and 5763.
51
Let z = 10 + -7. Let f = 11877 - 11876. Calculate the greatest common factor of f and z.
1
Let m = 14 + -14. Let b be 2 + -3 + (m - -52). Let l be (-888)/111 - (-570 + 1). What is the highest common factor of l and b?
51
Let t be ((-9)/(-18))/(1/96). Let x = -32 + t. Suppose 5*i + 22 = 182. What is the greatest common divisor of i and x?
16
Let k be 1/(-3) + 5*(-1507)/(-660)*8. What is the greatest common divisor of k and 420?
7
Let n be 6072/28 - 7/(-49). Let i = 257 - n. What is the highest common divisor of i and 110?
10
Let w be 1935*-13*(-10)/1170. Calculate the highest common factor of 688 and w.
43
Let u = -45 - -44. Let c be 96/((-6)/u)*(-33)/(-12). Calculate the greatest common divisor of c and 66.
22
Let b = 11781 - 11683. What is the greatest common divisor of b and 16954?
98
Let d be -226*55/70 - (-12)/21. Let b = -158 - d. Calculate the highest common factor of b and 19.
19
Let t = 377 + -137. Let k(b) = -2*b - 8. Let v be k(-4). Suppose 2*z = -q + 32, 4*q - 116 = -v*q - 5*z. Calculate the greatest common factor of q and t.
24
Let w(i) = -i**3 + 5*i**2 - 16*i